 x and 3?
1
Let z(r) = -r + 1. Let d(b) = b**2 - 21*b + 29. Let q(l) = d(l) + z(l). Let a be q(22). What is the greatest common factor of a and 20?
10
Suppose 4*i - 4*b - 68 = 0, 2*i - 5*b = -7 + 29. Let p = 15 - i. Let c be 12 - (-6)/(-3 - p). What is the highest common factor of c and 28?
14
Let h = 11 + -5. Suppose -4*k + h = 4*o - 82, 5*k - 122 = o. Let p be 8/k + (-5)/(-3). What is the greatest common factor of p and 2?
2
Let r = -458 - -488. What is the greatest common factor of r and 10?
10
Let a(z) = 17*z**3. Let w be a(1). Suppose -3*c + 4*c - 594 = 0. Let g = -407 + c. What is the highest common divisor of w and g?
17
Let h = 548 + -388. Calculate the greatest common factor of h and 200.
40
Suppose 0 = -5*t + 1034 - 559. Calculate the greatest common factor of t and 133.
19
Let r(k) = 10*k - 2 - 2 - 8*k**2 + k**3 + 2. Let l be r(7). Suppose 15*x - l*x = -4. Calculate the greatest common factor of x and 11.
1
Let y = -179 + 237. What is the greatest common factor of y and 464?
58
Let v = 387 + -279. What is the greatest common factor of 144 and v?
36
Let t(n) = -2*n + 1. Let f be t(-6). Let d(c) = c**3 + 17*c**2 - 12*c - 39. Let h be d(-18). Let b = h + 264. What is the highest common factor of f and b?
13
Suppose 2*w = -2*w + 32. Let c = 2 + w. Suppose 37 = 3*h + t - 7, 0 = -h + 2*t + c. Calculate the greatest common divisor of 35 and h.
7
Suppose -15*l = 2772 - 7797. What is the highest common factor of 5 and l?
5
Suppose -4*q = -3*h - 36, -2*q + 2*h + 2*h + 28 = 0. Let w = q + -3. Suppose -2*v = -w*v + 4. What is the greatest common divisor of v and 28?
4
Let z = -54 + 59. Suppose 3 = 3*a - z*s - 20, -2*a - 3*s = -47. What is the greatest common factor of 24 and a?
8
Let j be 3 + 1883/14 - (-2)/4. Calculate the greatest common divisor of j and 54.
6
Suppose -119*z + 70 = -118*z. What is the highest common factor of 154 and z?
14
Let v = 460 + -170. Calculate the greatest common factor of v and 10.
10
Let a be (-6)/(-2)*-1 - (3 + -9). Suppose 0 = -0*p - 4*p + 12, -a*s = -5*p - 105. Calculate the highest common factor of 5 and s.
5
Let v(i) = -11*i**2 + 4*i + 1. Let a(f) = -9*f**2 + 5*f + 1. Let y(p) = -3*a(p) + 2*v(p). Let t be y(3). Calculate the highest common factor of 161 and t.
23
Suppose 2*x = 4*x - 2. Suppose 0 = -3*k + 2*b - 3*b - 72, 0 = -4*k + 5*b - 96. Let l be k/10*30/(-9). Calculate the greatest common factor of x and l.
1
Suppose 4*t = 8, -10 = -3*n + 2*t - 7*t. Suppose z + 5*d - 3 = n, 27 = 3*z - z + 3*d. Let g = 15615 + -15417. Calculate the highest common divisor of z and g.
18
Suppose 51 = 2*x - 5. Let r(f) = -448*f - 7840. Let d be r(-18). What is the greatest common divisor of d and x?
28
Let t be (-59262)/(-231) - (-18)/(-33). What is the greatest common divisor of t and 16?
16
Suppose -3*u - 2*t + 6 + 4 = 0, 4 = 2*u + 4*t. Let f = -4 + u. Suppose f = -l + 4*l - 63. Calculate the highest common divisor of 21 and l.
21
Let j be 770/49*(-672)/(-12). What is the highest common divisor of 80 and j?
80
Let r(v) = -16*v - 43. Let j be r(-4). Let l(h) = -h**3 + h**2 + 3. Let n be -1 - 0 - (6 - 7). Let m be l(n). What is the greatest common divisor of j and m?
3
Let q be 271 - 35/((-14)/2). Calculate the greatest common factor of 48 and q.
12
Let u be ((-112)/14)/(-2) + 11*1. Let k = 11 + -5. Calculate the highest common factor of u and k.
3
Let i = 451 - 419. Suppose -3 = -r + 13. What is the highest common factor of r and i?
16
Let q = 477 - 415. Calculate the greatest common factor of 62 and q.
62
Let q = -18 - -183. Calculate the greatest common divisor of q and 33.
33
Let m be (4680/(-60))/(6/(-8)). Calculate the greatest common factor of 16 and m.
8
Let s = -942 - -1379. What is the highest common factor of s and 57?
19
Suppose -2*m + 327 = 3*f, -570 = -4*m - 5*f + 87. What is the highest common factor of m and 126?
42
Let f be 22/(-5) - 9/15. Let t = 5 + f. Suppose 3*g - 47 - 31 = t. Calculate the highest common factor of 182 and g.
26
Let j(b) = -5*b - 5. Let v be j(-15). Let g = -45 + v. Suppose -2*d = -15 - g. What is the highest common divisor of d and 40?
20
Suppose 6*k - 419 - 397 = 0. What is the highest common divisor of 51 and k?
17
Let r be -7 + 7 - (-1)/(1/10). Let z(k) = -k**3 - 3*k**2 - 6. Let l be z(-4). What is the highest common divisor of l and r?
10
Let x(u) = -u - 1. Suppose 3*f + 13 + 2 = -4*o, 3*o = 2*f - 7. Let t be x(f). Let m = 5 - t. Calculate the highest common factor of m and 55.
5
Suppose 0 = l - 4*l - 18. Let s(p) = 4*p**2 + 3*p. Let w be s(l). Suppose -17*q + 16*q + 18 = 0. Calculate the greatest common factor of w and q.
18
Let c = -173 + 213. Calculate the highest common divisor of 540 and c.
20
Let v = -25 - -137. Let n be (v/3)/(-4)*-6. Let l(s) = -5*s - 12. Let g be l(-4). What is the greatest common factor of g and n?
8
Let z be 0/(-7) + (6 - -3). What is the greatest common factor of 234 and z?
9
Let n be (-12)/(-9) + (0 - (-678)/18). What is the greatest common factor of 507 and n?
39
Let u be (14 + (-952)/42)*21/(-2). Calculate the greatest common factor of 455 and u.
91
Let a = 28 + -14. Suppose -5*u - x = -0*x - 493, -383 = -4*u + 3*x. What is the greatest common divisor of u and a?
14
Suppose 770 = 3*c - 10*c. Let x = -85 - c. What is the highest common divisor of 275 and x?
25
Let y(q) = -q**2 - 10*q + 7. Let x be y(-3). What is the highest common divisor of 812 and x?
28
Let c(l) = 2*l + 4. Let k be c(4). Let f(z) = -z + 7. Let w be f(-3). Let t = w + -4. Calculate the greatest common factor of k and t.
6
Suppose 2*v = 4*d + 4*v - 170, 15 = -3*v. Calculate the greatest common factor of d and 675.
45
Let n(b) = 9*b - 2. Let t be n(10). Suppose -12*c - t = -8*c. Let r be (c/6)/(8/(-24)). What is the highest common factor of 77 and r?
11
Let t = 26 + 17. Suppose 45*n - t*n = 598. Calculate the greatest common divisor of 23 and n.
23
Let l be (-234)/(-10) - 30/(-50). Let y = l + -19. What is the greatest common divisor of y and 10?
5
Let l(v) = v**2 - 15*v + 24. Let r be l(14). Let j = r + -9. What is the highest common factor of 11 and j?
1
Suppose 4*n + 5*s - 45 = 0, -4*n - 2*s = 2*s - 48. Let w(x) = -x**3 - 23*x**2 + 140*x + 15. Let j be w(-28). What is the greatest common factor of j and n?
15
Let d = 155 + -139. Let p(k) = -k**3 - 7*k**2 - 7*k - 5. Let v be p(-4). Let i be (-60)/v + 2/(-5). What is the highest common factor of d and i?
2
Let n be (-4)/16*2 + (-185)/(-2). What is the greatest common factor of 138 and n?
46
Let t(c) = 2*c**3 + 6*c**2 - 2*c + 3. Let z be t(-3). Suppose -3*a + z*a - 48 = 0. Calculate the highest common divisor of a and 136.
8
Suppose 0*s + 8 = 4*s. Suppose q = -4*t, -4*t + t = s*q - 10. Suppose 0 = 10*b - 8*b - q. Calculate the highest common divisor of b and 6.
2
Suppose 5*l - 3*i - 474 = 0, -l = -3*i - 17 - 73. What is the greatest common factor of 216 and l?
24
Let v be 14/(-21)*24/(-8). What is the highest common divisor of 82 and v?
2
Let m = 9 - 11. Let q be -1*(-18 - (-2 + m)). What is the highest common divisor of q and 126?
14
Suppose -2*c = v - 7*c - 38, 5*v - c - 94 = 0. What is the highest common divisor of v and 342?
18
Let z be (-5)/3 + (-21 - (-834)/9). What is the highest common factor of z and 42?
14
Suppose 4*h + 1 = 13. Let a(t) be the first derivative of 5*t**3/3 + t**2 - 3*t - 5. Let i be a(2). What is the greatest common factor of h and i?
3
Suppose 0 = -5*x + 2*q - 3*q + 171, 5*x = -5*q + 155. What is the greatest common factor of 21 and x?
7
Suppose 0 = -2*f + t + 141, -3*f - 2*t + 5*t + 219 = 0. What is the highest common divisor of f and 17?
17
Let n = -251 + 146. Let g be (0 - n/6)/((-4)/(-8)). Calculate the greatest common divisor of 10 and g.
5
Suppose -3*n + 8*n - 5*s - 1370 = 0, 3*n = -3*s + 798. Calculate the greatest common factor of n and 150.
30
Let i be (0*(-1)/2)/(-1). Suppose i = -4*y - 1 + 37. Let t(j) = 18*j - 8. Let v be t(y). Calculate the greatest common factor of v and 22.
22
Let c(j) = -j**2 - 11*j - 3. Let t be c(-10). Let n = -2 + t. Suppose -n*o - 8*i + 50 = -3*i, -4*o + 33 = -3*i. What is the greatest common divisor of o and 9?
9
Suppose r = 5*q - 185, 2*q = -q - 4*r + 88. Let g = 2 + q. Calculate the greatest common divisor of 95 and g.
19
Suppose 0*v = 3*v - 381. Let m = v + -62. Let 